e greatest common factor of 9952 and 5248?
32
Calculate the greatest common factor of 762 and 2717673.
381
Calculate the highest common factor of 11 and 777073.
11
What is the highest common divisor of 13978 and 4031?
29
Calculate the highest common divisor of 543 and 599653.
181
Calculate the highest common divisor of 20 and 10229140.
20
What is the greatest common divisor of 37776 and 88931?
787
What is the highest common factor of 24325 and 599368?
973
What is the highest common factor of 1301170 and 130?
130
What is the highest common divisor of 472279 and 41?
41
What is the greatest common divisor of 7505 and 237?
79
What is the greatest common factor of 1095204 and 264?
132
What is the greatest common factor of 32 and 30489152?
32
Calculate the highest common factor of 3572 and 67304.
188
Calculate the highest common divisor of 22253 and 36498.
77
Calculate the highest common divisor of 62073 and 198.
99
What is the highest common factor of 68523 and 63?
21
What is the highest common factor of 20265 and 879115?
965
What is the greatest common factor of 1008 and 52304?
112
Calculate the greatest common divisor of 4089 and 141.
141
What is the greatest common divisor of 106122 and 92?
46
What is the greatest common divisor of 14577 and 3?
3
Calculate the highest common factor of 336990 and 60.
30
Calculate the highest common factor of 53408 and 1024.
32
What is the highest common divisor of 46 and 387044?
46
Calculate the greatest common factor of 165802 and 182.
182
Calculate the highest common factor of 1056 and 2607.
33
What is the greatest common factor of 432336 and 6?
6
What is the greatest common factor of 5244 and 247836?
228
What is the greatest common factor of 90 and 16083?
9
Calculate the highest common divisor of 1642 and 654337.
821
What is the highest common divisor of 264 and 121308?
132
Calculate the highest common divisor of 76872 and 444.
12
What is the greatest common divisor of 15609 and 88?
11
Calculate the highest common factor of 185666 and 221.
13
Calculate the greatest common factor of 1937 and 9295663.
1937
Calculate the greatest common factor of 893 and 150494.
47
What is the highest common factor of 2590 and 1540?
70
Calculate the greatest common divisor of 15288 and 297336.
312
What is the highest common divisor of 146350 and 50?
50
Calculate the greatest common divisor of 7896 and 3192.
168
Calculate the highest common factor of 460 and 7480.
20
What is the greatest common factor of 4644 and 540?
108
Calculate the highest common divisor of 32277 and 53.
53
Calculate the highest common factor of 35 and 17871.
7
What is the highest common factor of 98 and 20846?
14
What is the highest common factor of 432 and 261360?
432
Calculate the greatest common divisor of 14022 and 3075.
123
Calculate the highest common factor of 5346 and 5.
1
Calculate the highest common divisor of 508167 and 231.
33
Calculate the highest common factor of 758256 and 96.
48
Calculate the highest common divisor of 7 and 320061.
7
Calculate the greatest common divisor of 2550 and 32640.
510
Calculate the greatest common factor of 10899 and 5017.
173
What is the highest common divisor of 6754 and 19756?
22
Calculate the highest common divisor of 353326 and 414.
46
Calculate the greatest common divisor of 101715 and 150.
15
Calculate the greatest common divisor of 356940 and 45.
45
Calculate the highest common factor of 20 and 2407820.
20
What is the highest common divisor of 29785 and 91?
7
Calculate the highest common divisor of 90738 and 100962.
1278
Calculate the greatest common factor of 8643 and 2613.
201
Calculate the greatest common factor of 227 and 460129.
227
Calculate the greatest common divisor of 10873 and 1328.
83
Calculate the highest common factor of 3375930 and 516.
258
Calculate the greatest common divisor of 31132 and 1376.
172
What is the greatest common factor of 80782 and 13?
13
What is the highest common factor of 728 and 15106?
182
What is the highest common factor of 624 and 2769?
39
Calculate the greatest common divisor of 277431 and 3003.
231
Calculate the highest common divisor of 1077 and 154729.
359
Calculate the highest common divisor of 45 and 445.
5
What is the greatest common divisor of 729 and 16?
1
Calculate the greatest common factor of 696764 and 373.
373
Calculate the highest common factor of 5236 and 49028.
476
Calculate the greatest common factor of 63678 and 6.
6
What is the greatest common factor of 153 and 180183?
51
Calculate the greatest common factor of 1112 and 4726.
278
What is the highest common factor of 5609999 and 3274?
1637
What is the greatest common divisor of 1035684 and 585?
117
Calculate the highest common factor of 633058 and 122.
122
What is the greatest common divisor of 5988108 and 63?
21
Calculate the greatest common factor of 192932 and 556.
556
Calculate the highest common divisor of 6704 and 188.
4
Calculate the greatest common factor of 4937950 and 122.
122
What is the highest common divisor of 15136 and 2772?
44
Calculate the greatest common divisor of 1449 and 1518.
69
Calculate the highest common divisor of 12474 and 176.
22
What is the greatest common divisor of 13480 and 3917288?
2696
What is the highest common divisor of 35237 and 1266?
211
What is the greatest common divisor of 714 and 301512?
102
Calculate the highest common factor of 26 and 923.
13
Calculate the highest common factor of 195 and 41080.
65
Calculate the greatest common divisor of 67 and 95743.
67
What is the highest common factor of 356 and 29?
1
Calculate the greatest common divisor of 648 and 1384.
8
Calculate the highest common factor of 289160 and 60.
20
Calculate the highest common factor of 3245 and 3905.
55
Calculate the greatest common factor of 71166 and 4002.
174
What is the greatest common factor of 1026 and 300694?
38
What is the greatest common divisor of 2061 and 79692?
687
What is the highest common divisor of 1925 and 86765?
35
What is the greatest common factor of 2745600 and 975?
975
What is the greatest common factor of 43894 and 34?
34
What is the highest common factor of 3741 and 5046?
87
Calculate the greatest common divisor of 3640 and 1407224.
728
What is the highest common divisor of 39 and 92183?
13
Calculate the highest common factor of 7 and 484043.
7
What is the greatest common factor of 7 and 66682?
7
Calculate the highest common factor of 840517 and 8744.
1093
What is the highest common divisor of 1104 and 129306?
138
What is the greatest common factor of 3094 and 1664?
26
What is the highest common factor of 29322 and 486?
162
What is the highest common divisor of 184 and 3690718?
46
Calculate the greatest common factor of 212 and 316.
4
What is the greatest common divisor of 99 and 3729?
33
What is the highest common factor of 1770 and 473298?
354
What is the greatest common factor of 666 and 78810?
222
Calculate the highest common divisor of 1075 and 42269.
43
Calculate the greatest common divisor of 8935 and 145.
5
Calculate the greatest common divisor of 249 and 487210.
83
Calculate the highest common factor of 11960 and 21060.
260
What is the highest common factor of 1450 and 25?
25
Calculate the greatest common divisor of 22765 and 4060.
145
Calculate the highest common divisor of 44 and 1545038.
22
Calculate the highest common divisor of 59 and 130567.
59
Calculate the highest common divisor of 18 and 158190.
6
What is the greatest common factor of 1122 and 8568?
102
What is the highest common factor of 32 and 2194?
2
Calculate the highest common divisor of 136065 and 1128.
141
Calculate the highest common divisor of 57044 and 52.
52
What is the highest common factor of 169 and 6835374?
169
What is the greatest common divisor of 149296 and 6192?
688
What is the greatest common divisor of 112 and 92722?
14
What is the highest common divisor of 111763 and 219?
73
Calculate the highest common factor of 1215043 and 37.
37
Calculate the highest common factor of 22 and 1278838.
22
What is the highest common factor of 2 and 647?
1
Calculate the highest common divisor of 44 and 41712.
44
What is the highest common divisor of 2430 and 23130?
90
What is the highest common factor of 359330 and 20?
10
Calculate the greatest common factor of 2900 and 500.
100
Calculate t